{"id":976,"date":"2025-05-03T17:10:05","date_gmt":"2025-05-03T17:10:05","guid":{"rendered":"https:\/\/bolsasdepapel.com.pe\/tienda\/gorra-grifero-con-tapanuca\/"},"modified":"2025-05-03T17:12:24","modified_gmt":"2025-05-03T17:12:24","slug":"gorra-grifero-con-tapanuca","status":"publish","type":"product","link":"https:\/\/bolsasdepapel.com.pe\/tienda\/gorra-grifero-con-tapanuca\/","title":{"rendered":"GORRA GRIFERO CON TAPANUCA"},"content":{"rendered":"<p>Lleva tu marca con estilo y comodidad con nuestra gorra de Taslan en talla est\u00e1ndar, dise\u00f1ada con regulador el\u00e1stico para un ajuste perfecto y pr\u00e1ctico. Ideal para personalizaci\u00f3n con impresi\u00f3n de 1 hasta 3 colores, permite resaltar tu logo o mensaje con claridad y estilo. Su material liviano y resistente la hace perfecta para actividades al aire libre, promociones o uso corporativo. Disponible en paquetes de 25 unidades, es una opci\u00f3n funcional y atractiva para destacar tu identidad visual.<\/p>\n<hr \/>\n<hr \/>\n<h4>\ud83d\udce6 Precios por volumen<\/h4>\n<table>\n<thead>\n<tr>\n<th>Cantidad<\/th>\n<th>Precio unitario<\/th>\n<\/tr>\n<\/thead>\n<tbody>\n<tr>\n<td>50<\/td>\n<td>S\/17.25<\/td>\n<\/tr>\n<tr>\n<td>100<\/td>\n<td>S\/14.38<\/td>\n<\/tr>\n<tr>\n<td>250<\/td>\n<td>S\/14.38<\/td>\n<\/tr>\n<tr>\n<td>500<\/td>\n<td>S\/13.8<\/td>\n<\/tr>\n<tr>\n<td>1000<\/td>\n<td>S\/13.8<\/td>\n<\/tr>\n<tr>\n<td>3000<\/td>\n<td>S\/12.19<\/td>\n<\/tr>\n<tr>\n<td>5000<\/td>\n<td>S\/12.19<\/td>\n<\/tr>\n<\/tbody>\n<\/table>\n","protected":false},"excerpt":{"rendered":"<p>Lleva tu marca con estilo y comodidad con nuestra gorra de Taslan en talla est\u00e1ndar, dise\u00f1ada con regulador el\u00e1stico para un ajuste perfecto y pr\u00e1ctico. Ideal para personalizaci\u00f3n con impresi\u00f3n de 1 hasta 3 colores, permite resaltar tu logo o mensaje con claridad y estilo. Su material liviano y resistente la hace perfecta para actividades al aire libre, promociones o uso corporativo. Disponible en paquetes de 25 unidades, es una opci\u00f3n funcional y atractiva para destacar tu identidad visual.<\/p>\n","protected":false},"featured_media":977,"comment_status":"closed","ping_status":"open","template":"","meta":[],"product_brand":[],"product_cat":[71],"product_tag":[],"class_list":{"0":"post-976","1":"product","2":"type-product","3":"status-publish","4":"has-post-thumbnail","6":"product_cat-catalogo-2025","7":"sales-flash-overlay","8":"woocommerce-text-align-left","9":"woocommerce-image-align-center","10":"do-quantity-buttons","11":"wc-has-gallery","13":"first","14":"instock","15":"sale","16":"purchasable","17":"product-type-simple"},"jetpack_sharing_enabled":true,"_links":{"self":[{"href":"https:\/\/bolsasdepapel.com.pe\/tienda\/wp-json\/wp\/v2\/product\/976","targetHints":{"allow":["GET"]}}],"collection":[{"href":"https:\/\/bolsasdepapel.com.pe\/tienda\/wp-json\/wp\/v2\/product"}],"about":[{"href":"https:\/\/bolsasdepapel.com.pe\/tienda\/wp-json\/wp\/v2\/types\/product"}],"replies":[{"embeddable":true,"href":"https:\/\/bolsasdepapel.com.pe\/tienda\/wp-json\/wp\/v2\/comments?post=976"}],"wp:featuredmedia":[{"embeddable":true,"href":"https:\/\/bolsasdepapel.com.pe\/tienda\/wp-json\/wp\/v2\/media\/977"}],"wp:attachment":[{"href":"https:\/\/bolsasdepapel.com.pe\/tienda\/wp-json\/wp\/v2\/media?parent=976"}],"wp:term":[{"taxonomy":"product_brand","embeddable":true,"href":"https:\/\/bolsasdepapel.com.pe\/tienda\/wp-json\/wp\/v2\/product_brand?post=976"},{"taxonomy":"product_cat","embeddable":true,"href":"https:\/\/bolsasdepapel.com.pe\/tienda\/wp-json\/wp\/v2\/product_cat?post=976"},{"taxonomy":"product_tag","embeddable":true,"href":"https:\/\/bolsasdepapel.com.pe\/tienda\/wp-json\/wp\/v2\/product_tag?post=976"}],"curies":[{"name":"wp","href":"https:\/\/api.w.org\/{rel}","templated":true}]}}