{"id":937,"date":"2025-05-03T17:10:05","date_gmt":"2025-05-03T17:10:05","guid":{"rendered":"https:\/\/bolsasdepapel.com.pe\/tienda\/porta-cosmetico-tocuyo\/"},"modified":"2025-05-03T17:10:05","modified_gmt":"2025-05-03T17:10:05","slug":"porta-cosmetico-tocuyo","status":"publish","type":"product","link":"https:\/\/bolsasdepapel.com.pe\/tienda\/porta-cosmetico-tocuyo\/","title":{"rendered":"PORTA COSMETICO TOCUYO"},"content":{"rendered":"<p>Destaca tu marca con nuestra bolsa de Tocuyo de 23.5&#215;29.5 cm, una opci\u00f3n ideal para mostrar tu dise\u00f1o con impresi\u00f3n full color. Su cierre nacional proporciona seguridad y conveniencia para mantener tus productos protegidos. Viene en paquetes de 25 unidades, lo que la hace perfecta para promociones, eventos o ventas al por mayor. \u00a1Una opci\u00f3n pr\u00e1ctica y de calidad que har\u00e1 que tu marca se vea profesional y atractiva!<\/p>\n<hr \/>\n<hr \/>\n<h4>\ud83d\udce6 Precios por volumen<\/h4>\n<table>\n<thead>\n<tr>\n<th>Cantidad<\/th>\n<th>Precio unitario<\/th>\n<\/tr>\n<\/thead>\n<tbody>\n<tr>\n<td>50<\/td>\n<td>S\/5.98<\/td>\n<\/tr>\n<tr>\n<td>100<\/td>\n<td>S\/4.99<\/td>\n<\/tr>\n<tr>\n<td>250<\/td>\n<td>S\/4.99<\/td>\n<\/tr>\n<tr>\n<td>500<\/td>\n<td>S\/4.45<\/td>\n<\/tr>\n<tr>\n<td>1000<\/td>\n<td>S\/4.45<\/td>\n<\/tr>\n<tr>\n<td>3000<\/td>\n<td>S\/4.09<\/td>\n<\/tr>\n<tr>\n<td>5000<\/td>\n<td>S\/4.09<\/td>\n<\/tr>\n<\/tbody>\n<\/table>\n","protected":false},"excerpt":{"rendered":"<p>Destaca tu marca con nuestra bolsa de Tocuyo de 23.5&#215;29.5 cm, una opci\u00f3n ideal para mostrar tu dise\u00f1o con impresi\u00f3n full color. Su cierre nacional proporciona seguridad y conveniencia para mantener tus productos protegidos. Viene en paquetes de 25 unidades, lo que la hace perfecta para promociones, eventos o ventas al por mayor. \u00a1Una opci\u00f3n pr\u00e1ctica y de calidad que har\u00e1 que tu marca se vea profesional y atractiva!<\/p>\n","protected":false},"featured_media":938,"comment_status":"closed","ping_status":"open","template":"","meta":[],"product_brand":[],"product_cat":[71],"product_tag":[],"class_list":{"0":"post-937","1":"product","2":"type-product","3":"status-publish","4":"has-post-thumbnail","6":"product_cat-catalogo-2025","7":"sales-flash-overlay","8":"woocommerce-text-align-left","9":"woocommerce-image-align-center","10":"do-quantity-buttons","11":"wc-has-gallery","13":"first","14":"instock","15":"sale","16":"purchasable","17":"product-type-simple"},"jetpack_sharing_enabled":true,"_links":{"self":[{"href":"https:\/\/bolsasdepapel.com.pe\/tienda\/wp-json\/wp\/v2\/product\/937","targetHints":{"allow":["GET"]}}],"collection":[{"href":"https:\/\/bolsasdepapel.com.pe\/tienda\/wp-json\/wp\/v2\/product"}],"about":[{"href":"https:\/\/bolsasdepapel.com.pe\/tienda\/wp-json\/wp\/v2\/types\/product"}],"replies":[{"embeddable":true,"href":"https:\/\/bolsasdepapel.com.pe\/tienda\/wp-json\/wp\/v2\/comments?post=937"}],"wp:featuredmedia":[{"embeddable":true,"href":"https:\/\/bolsasdepapel.com.pe\/tienda\/wp-json\/wp\/v2\/media\/938"}],"wp:attachment":[{"href":"https:\/\/bolsasdepapel.com.pe\/tienda\/wp-json\/wp\/v2\/media?parent=937"}],"wp:term":[{"taxonomy":"product_brand","embeddable":true,"href":"https:\/\/bolsasdepapel.com.pe\/tienda\/wp-json\/wp\/v2\/product_brand?post=937"},{"taxonomy":"product_cat","embeddable":true,"href":"https:\/\/bolsasdepapel.com.pe\/tienda\/wp-json\/wp\/v2\/product_cat?post=937"},{"taxonomy":"product_tag","embeddable":true,"href":"https:\/\/bolsasdepapel.com.pe\/tienda\/wp-json\/wp\/v2\/product_tag?post=937"}],"curies":[{"name":"wp","href":"https:\/\/api.w.org\/{rel}","templated":true}]}}