{"id":913,"date":"2025-05-03T17:06:24","date_gmt":"2025-05-03T17:06:24","guid":{"rendered":"https:\/\/bolsasdepapel.com.pe\/tienda\/bolsa-notex-asa-troquelada-4540\/"},"modified":"2025-05-03T17:07:00","modified_gmt":"2025-05-03T17:07:00","slug":"bolsa-notex-asa-troquelada-4540","status":"publish","type":"product","link":"https:\/\/bolsasdepapel.com.pe\/tienda\/bolsa-notex-asa-troquelada-4540\/","title":{"rendered":"BOLSA NOTEX ASA TROQUELADA 45*40"},"content":{"rendered":"<p>Impulsa tu marca con nuestra bolsa de Notex 85gr de 45&#215;40 cm, una opci\u00f3n pr\u00e1ctica y econ\u00f3mica para promocionar tu producto o evento. Con impresi\u00f3n en un solo color en una cara, podr\u00e1s mostrar tu logo o dise\u00f1o de manera clara y efectiva. Su asa troquelada ofrece comodidad y resistencia, asegurando un f\u00e1cil transporte. Viene en paquetes de 50 unidades, lo que la convierte en una soluci\u00f3n rentable y funcional para tu negocio. \u00a1Haz que tu marca se vea con estilo y accesibilidad!<\/p>\n<hr \/>\n<hr \/>\n<h4>\ud83d\udce6 Precios por volumen<\/h4>\n<table>\n<thead>\n<tr>\n<th>Cantidad<\/th>\n<th>Precio unitario<\/th>\n<\/tr>\n<\/thead>\n<tbody>\n<tr>\n<td>50<\/td>\n<td>S\/<\/td>\n<\/tr>\n<tr>\n<td>100<\/td>\n<td>S\/3.22<\/td>\n<\/tr>\n<tr>\n<td>250<\/td>\n<td>S\/3.22<\/td>\n<\/tr>\n<tr>\n<td>500<\/td>\n<td>S\/1.67<\/td>\n<\/tr>\n<tr>\n<td>1000<\/td>\n<td>S\/1.67<\/td>\n<\/tr>\n<tr>\n<td>3000<\/td>\n<td>S\/1.55<\/td>\n<\/tr>\n<tr>\n<td>5000<\/td>\n<td>S\/1.55<\/td>\n<\/tr>\n<\/tbody>\n<\/table>\n","protected":false},"excerpt":{"rendered":"<p>Impulsa tu marca con nuestra bolsa de Notex 85gr de 45&#215;40 cm, una opci\u00f3n pr\u00e1ctica y econ\u00f3mica para promocionar tu producto o evento. Con impresi\u00f3n en un solo color en una cara, podr\u00e1s mostrar tu logo o dise\u00f1o de manera clara y efectiva. Su asa troquelada ofrece comodidad y resistencia, asegurando un f\u00e1cil transporte. Viene en paquetes de 50 unidades, lo que la convierte en una soluci\u00f3n rentable y funcional para tu negocio. \u00a1Haz que tu marca se vea con estilo y accesibilidad!<\/p>\n","protected":false},"featured_media":0,"comment_status":"closed","ping_status":"open","template":"","meta":[],"product_brand":[],"product_cat":[71],"product_tag":[],"class_list":{"0":"post-913","1":"product","2":"type-product","3":"status-publish","5":"product_cat-catalogo-2025","6":"sales-flash-overlay","7":"woocommerce-text-align-left","8":"woocommerce-image-align-center","9":"do-quantity-buttons","11":"first","12":"instock","13":"product-type-simple"},"jetpack_sharing_enabled":true,"_links":{"self":[{"href":"https:\/\/bolsasdepapel.com.pe\/tienda\/wp-json\/wp\/v2\/product\/913","targetHints":{"allow":["GET"]}}],"collection":[{"href":"https:\/\/bolsasdepapel.com.pe\/tienda\/wp-json\/wp\/v2\/product"}],"about":[{"href":"https:\/\/bolsasdepapel.com.pe\/tienda\/wp-json\/wp\/v2\/types\/product"}],"replies":[{"embeddable":true,"href":"https:\/\/bolsasdepapel.com.pe\/tienda\/wp-json\/wp\/v2\/comments?post=913"}],"wp:attachment":[{"href":"https:\/\/bolsasdepapel.com.pe\/tienda\/wp-json\/wp\/v2\/media?parent=913"}],"wp:term":[{"taxonomy":"product_brand","embeddable":true,"href":"https:\/\/bolsasdepapel.com.pe\/tienda\/wp-json\/wp\/v2\/product_brand?post=913"},{"taxonomy":"product_cat","embeddable":true,"href":"https:\/\/bolsasdepapel.com.pe\/tienda\/wp-json\/wp\/v2\/product_cat?post=913"},{"taxonomy":"product_tag","embeddable":true,"href":"https:\/\/bolsasdepapel.com.pe\/tienda\/wp-json\/wp\/v2\/product_tag?post=913"}],"curies":[{"name":"wp","href":"https:\/\/api.w.org\/{rel}","templated":true}]}}