{"id":894,"date":"2025-05-03T16:50:15","date_gmt":"2025-05-03T16:50:15","guid":{"rendered":"https:\/\/bolsasdepapel.com.pe\/tienda\/bolso-super-botellas\/"},"modified":"2025-05-03T16:52:29","modified_gmt":"2025-05-03T16:52:29","slug":"bolso-super-botellas","status":"publish","type":"product","link":"https:\/\/bolsasdepapel.com.pe\/tienda\/bolso-super-botellas\/","title":{"rendered":"BOLSO SUPER BOTELLAS"},"content":{"rendered":"<p>Eleva la presentaci\u00f3n de tu marca con nuestra bolsa de Tocuyo de 30x30x25 cm, ideal para eventos, promociones o ventas al por mayor. Con impresi\u00f3n full color en una cara, puedes personalizarla f\u00e1cilmente para resaltar tu logo o dise\u00f1o. Su asa natural y el acabado de calidad le dan un toque r\u00fastico y duradero. Adem\u00e1s, cada paquete incluye 20 unidades, ofreci\u00e9ndote la opci\u00f3n perfecta para dar un toque \u00fanico y funcional a tu producto. \u00a1Haz que tu marca destaque con estilo y resistencia!<\/p>\n<hr \/>\n<hr \/>\n<h4>\ud83d\udce6 Precios por volumen<\/h4>\n<table>\n<thead>\n<tr>\n<th>Cantidad<\/th>\n<th>Precio unitario<\/th>\n<\/tr>\n<\/thead>\n<tbody>\n<tr>\n<td>50<\/td>\n<td>S\/12.48<\/td>\n<\/tr>\n<tr>\n<td>100<\/td>\n<td>S\/10.32<\/td>\n<\/tr>\n<tr>\n<td>250<\/td>\n<td>S\/10.32<\/td>\n<\/tr>\n<tr>\n<td>500<\/td>\n<td>S\/9.46<\/td>\n<\/tr>\n<tr>\n<td>1000<\/td>\n<td>S\/9.46<\/td>\n<\/tr>\n<tr>\n<td>3000<\/td>\n<td>S\/9.14<\/td>\n<\/tr>\n<tr>\n<td>5000<\/td>\n<td>S\/9.14<\/td>\n<\/tr>\n<\/tbody>\n<\/table>\n","protected":false},"excerpt":{"rendered":"<p>Eleva la presentaci\u00f3n de tu marca con nuestra bolsa de Tocuyo de 30x30x25 cm, ideal para eventos, promociones o ventas al por mayor. Con impresi\u00f3n full color en una cara, puedes personalizarla f\u00e1cilmente para resaltar tu logo o dise\u00f1o. Su asa natural y el acabado de calidad le dan un toque r\u00fastico y duradero. Adem\u00e1s, cada paquete incluye 20 unidades, ofreci\u00e9ndote la opci\u00f3n perfecta para dar un toque \u00fanico y funcional a tu producto. \u00a1Haz que tu marca destaque con estilo y resistencia!<\/p>\n","protected":false},"featured_media":895,"comment_status":"closed","ping_status":"open","template":"","meta":[],"product_brand":[],"product_cat":[71],"product_tag":[],"class_list":{"0":"post-894","1":"product","2":"type-product","3":"status-publish","4":"has-post-thumbnail","6":"product_cat-catalogo-2025","7":"sales-flash-overlay","8":"woocommerce-text-align-left","9":"woocommerce-image-align-center","10":"do-quantity-buttons","11":"wc-has-gallery","13":"first","14":"instock","15":"sale","16":"purchasable","17":"product-type-simple"},"jetpack_sharing_enabled":true,"_links":{"self":[{"href":"https:\/\/bolsasdepapel.com.pe\/tienda\/wp-json\/wp\/v2\/product\/894","targetHints":{"allow":["GET"]}}],"collection":[{"href":"https:\/\/bolsasdepapel.com.pe\/tienda\/wp-json\/wp\/v2\/product"}],"about":[{"href":"https:\/\/bolsasdepapel.com.pe\/tienda\/wp-json\/wp\/v2\/types\/product"}],"replies":[{"embeddable":true,"href":"https:\/\/bolsasdepapel.com.pe\/tienda\/wp-json\/wp\/v2\/comments?post=894"}],"wp:featuredmedia":[{"embeddable":true,"href":"https:\/\/bolsasdepapel.com.pe\/tienda\/wp-json\/wp\/v2\/media\/895"}],"wp:attachment":[{"href":"https:\/\/bolsasdepapel.com.pe\/tienda\/wp-json\/wp\/v2\/media?parent=894"}],"wp:term":[{"taxonomy":"product_brand","embeddable":true,"href":"https:\/\/bolsasdepapel.com.pe\/tienda\/wp-json\/wp\/v2\/product_brand?post=894"},{"taxonomy":"product_cat","embeddable":true,"href":"https:\/\/bolsasdepapel.com.pe\/tienda\/wp-json\/wp\/v2\/product_cat?post=894"},{"taxonomy":"product_tag","embeddable":true,"href":"https:\/\/bolsasdepapel.com.pe\/tienda\/wp-json\/wp\/v2\/product_tag?post=894"}],"curies":[{"name":"wp","href":"https:\/\/api.w.org\/{rel}","templated":true}]}}