{"id":1032,"date":"2025-05-03T17:14:05","date_gmt":"2025-05-03T17:14:05","guid":{"rendered":"https:\/\/bolsasdepapel.com.pe\/tienda\/polo-corporativo-pique\/"},"modified":"2025-05-03T17:16:32","modified_gmt":"2025-05-03T17:16:32","slug":"polo-corporativo-pique","status":"publish","type":"product","link":"https:\/\/bolsasdepapel.com.pe\/tienda\/polo-corporativo-pique\/","title":{"rendered":"POLO CORPORATIVO PIQUE"},"content":{"rendered":"<p>Haz que tu marca se vea con elegancia y comodidad con nuestra camiseta de Piqu\u00e9 Lacoste, disponible en tallas S, M, L. Con impresi\u00f3n en un solo color en un lado, puedes personalizarla con tu logo o dise\u00f1o para lograr una apariencia sofisticada. Cada camiseta viene embolsada individualmente, garantizando una presentaci\u00f3n ordenada y lista para entregar. Ideal para eventos, promociones o ventas al por mayor, es una opci\u00f3n de alta calidad que combinar\u00e1 con el estilo de tu marca. \u00a1Una prenda c\u00f3moda, de prestigio y completamente personalizable!<\/p>\n<hr \/>\n<hr \/>\n<h4>\ud83d\udce6 Precios por volumen<\/h4>\n<table>\n<thead>\n<tr>\n<th>Cantidad<\/th>\n<th>Precio unitario<\/th>\n<\/tr>\n<\/thead>\n<tbody>\n<tr>\n<td>50<\/td>\n<td>S\/40.25<\/td>\n<\/tr>\n<tr>\n<td>100<\/td>\n<td>S\/37.95<\/td>\n<\/tr>\n<tr>\n<td>250<\/td>\n<td>S\/37.95<\/td>\n<\/tr>\n<tr>\n<td>500<\/td>\n<td>S\/34.5<\/td>\n<\/tr>\n<tr>\n<td>1000<\/td>\n<td>S\/34.5<\/td>\n<\/tr>\n<tr>\n<td>3000<\/td>\n<td>S\/34.5<\/td>\n<\/tr>\n<tr>\n<td>5000<\/td>\n<td>S\/34.5<\/td>\n<\/tr>\n<\/tbody>\n<\/table>\n","protected":false},"excerpt":{"rendered":"<p>Haz que tu marca se vea con elegancia y comodidad con nuestra camiseta de Piqu\u00e9 Lacoste, disponible en tallas S, M, L. Con impresi\u00f3n en un solo color en un lado, puedes personalizarla con tu logo o dise\u00f1o para lograr una apariencia sofisticada. Cada camiseta viene embolsada individualmente, garantizando una presentaci\u00f3n ordenada y lista para entregar. Ideal para eventos, promociones o ventas al por mayor, es una opci\u00f3n de alta calidad que combinar\u00e1 con el estilo de tu marca. \u00a1Una prenda c\u00f3moda, de prestigio y completamente personalizable!<\/p>\n","protected":false},"featured_media":1033,"comment_status":"closed","ping_status":"open","template":"","meta":[],"product_brand":[],"product_cat":[71],"product_tag":[],"class_list":{"0":"post-1032","1":"product","2":"type-product","3":"status-publish","4":"has-post-thumbnail","6":"product_cat-catalogo-2025","7":"sales-flash-overlay","8":"woocommerce-text-align-left","9":"woocommerce-image-align-center","10":"do-quantity-buttons","11":"wc-has-gallery","13":"first","14":"instock","15":"sale","16":"purchasable","17":"product-type-simple"},"jetpack_sharing_enabled":true,"_links":{"self":[{"href":"https:\/\/bolsasdepapel.com.pe\/tienda\/wp-json\/wp\/v2\/product\/1032","targetHints":{"allow":["GET"]}}],"collection":[{"href":"https:\/\/bolsasdepapel.com.pe\/tienda\/wp-json\/wp\/v2\/product"}],"about":[{"href":"https:\/\/bolsasdepapel.com.pe\/tienda\/wp-json\/wp\/v2\/types\/product"}],"replies":[{"embeddable":true,"href":"https:\/\/bolsasdepapel.com.pe\/tienda\/wp-json\/wp\/v2\/comments?post=1032"}],"wp:featuredmedia":[{"embeddable":true,"href":"https:\/\/bolsasdepapel.com.pe\/tienda\/wp-json\/wp\/v2\/media\/1033"}],"wp:attachment":[{"href":"https:\/\/bolsasdepapel.com.pe\/tienda\/wp-json\/wp\/v2\/media?parent=1032"}],"wp:term":[{"taxonomy":"product_brand","embeddable":true,"href":"https:\/\/bolsasdepapel.com.pe\/tienda\/wp-json\/wp\/v2\/product_brand?post=1032"},{"taxonomy":"product_cat","embeddable":true,"href":"https:\/\/bolsasdepapel.com.pe\/tienda\/wp-json\/wp\/v2\/product_cat?post=1032"},{"taxonomy":"product_tag","embeddable":true,"href":"https:\/\/bolsasdepapel.com.pe\/tienda\/wp-json\/wp\/v2\/product_tag?post=1032"}],"curies":[{"name":"wp","href":"https:\/\/api.w.org\/{rel}","templated":true}]}}