{"id":1014,"date":"2025-05-03T17:14:05","date_gmt":"2025-05-03T17:14:05","guid":{"rendered":"https:\/\/bolsasdepapel.com.pe\/tienda\/lonchera-corporativo-con-bolsillo\/"},"modified":"2025-05-03T17:15:07","modified_gmt":"2025-05-03T17:15:07","slug":"lonchera-corporativo-con-bolsillo","status":"publish","type":"product","link":"https:\/\/bolsasdepapel.com.pe\/tienda\/lonchera-corporativo-con-bolsillo\/","title":{"rendered":"LONCHERA  CORPORATIVO  CON BOLSILLO"},"content":{"rendered":"<p>Dale un toque pr\u00e1ctico y profesional a tu marca con nuestra lonchera de Kodra con entretela t\u00e9rmica de 28x22x15 cm aprox. Perfecta para mantener la temperatura de tus alimentos, esta lonchera es ideal para promocionar tu negocio o para uso diario. Con impresi\u00f3n en un solo color, puedes personalizarla f\u00e1cilmente con tu logo o mensaje. Viene en paquetes de 10 unidades, lo que la convierte en una opci\u00f3n econ\u00f3mica y funcional para eventos, regalos corporativos o ventas al por mayor. \u00a1Una opci\u00f3n resistente y personalizada para tu marca!<\/p>\n<hr \/>\n<hr \/>\n<h4>\ud83d\udce6 Precios por volumen<\/h4>\n<table>\n<thead>\n<tr>\n<th>Cantidad<\/th>\n<th>Precio unitario<\/th>\n<\/tr>\n<\/thead>\n<tbody>\n<tr>\n<td>50<\/td>\n<td>S\/29.9<\/td>\n<\/tr>\n<tr>\n<td>100<\/td>\n<td>S\/27.6<\/td>\n<\/tr>\n<tr>\n<td>250<\/td>\n<td>S\/27.6<\/td>\n<\/tr>\n<tr>\n<td>500<\/td>\n<td>S\/25.3<\/td>\n<\/tr>\n<tr>\n<td>1000<\/td>\n<td>S\/25.3<\/td>\n<\/tr>\n<tr>\n<td>3000<\/td>\n<td>S\/17.83<\/td>\n<\/tr>\n<tr>\n<td>5000<\/td>\n<td>S\/17.83<\/td>\n<\/tr>\n<\/tbody>\n<\/table>\n","protected":false},"excerpt":{"rendered":"<p>Dale un toque pr\u00e1ctico y profesional a tu marca con nuestra lonchera de Kodra con entretela t\u00e9rmica de 28x22x15 cm aprox. Perfecta para mantener la temperatura de tus alimentos, esta lonchera es ideal para promocionar tu negocio o para uso diario. Con impresi\u00f3n en un solo color, puedes personalizarla f\u00e1cilmente con tu logo o mensaje. Viene en paquetes de 10 unidades, lo que la convierte en una opci\u00f3n econ\u00f3mica y funcional para eventos, regalos corporativos o ventas al por mayor. \u00a1Una opci\u00f3n resistente y personalizada para tu marca!<\/p>\n","protected":false},"featured_media":1015,"comment_status":"closed","ping_status":"open","template":"","meta":[],"product_brand":[],"product_cat":[71],"product_tag":[],"class_list":{"0":"post-1014","1":"product","2":"type-product","3":"status-publish","4":"has-post-thumbnail","6":"product_cat-catalogo-2025","7":"sales-flash-overlay","8":"woocommerce-text-align-left","9":"woocommerce-image-align-center","10":"do-quantity-buttons","11":"wc-has-gallery","13":"first","14":"instock","15":"sale","16":"purchasable","17":"product-type-simple"},"jetpack_sharing_enabled":true,"_links":{"self":[{"href":"https:\/\/bolsasdepapel.com.pe\/tienda\/wp-json\/wp\/v2\/product\/1014","targetHints":{"allow":["GET"]}}],"collection":[{"href":"https:\/\/bolsasdepapel.com.pe\/tienda\/wp-json\/wp\/v2\/product"}],"about":[{"href":"https:\/\/bolsasdepapel.com.pe\/tienda\/wp-json\/wp\/v2\/types\/product"}],"replies":[{"embeddable":true,"href":"https:\/\/bolsasdepapel.com.pe\/tienda\/wp-json\/wp\/v2\/comments?post=1014"}],"wp:featuredmedia":[{"embeddable":true,"href":"https:\/\/bolsasdepapel.com.pe\/tienda\/wp-json\/wp\/v2\/media\/1015"}],"wp:attachment":[{"href":"https:\/\/bolsasdepapel.com.pe\/tienda\/wp-json\/wp\/v2\/media?parent=1014"}],"wp:term":[{"taxonomy":"product_brand","embeddable":true,"href":"https:\/\/bolsasdepapel.com.pe\/tienda\/wp-json\/wp\/v2\/product_brand?post=1014"},{"taxonomy":"product_cat","embeddable":true,"href":"https:\/\/bolsasdepapel.com.pe\/tienda\/wp-json\/wp\/v2\/product_cat?post=1014"},{"taxonomy":"product_tag","embeddable":true,"href":"https:\/\/bolsasdepapel.com.pe\/tienda\/wp-json\/wp\/v2\/product_tag?post=1014"}],"curies":[{"name":"wp","href":"https:\/\/api.w.org\/{rel}","templated":true}]}}