{"id":1001,"date":"2025-05-03T17:14:05","date_gmt":"2025-05-03T17:14:05","guid":{"rendered":"https:\/\/bolsasdepapel.com.pe\/tienda\/visera-2-publicitaria\/"},"modified":"2025-05-03T17:14:05","modified_gmt":"2025-05-03T17:14:05","slug":"visera-2-publicitaria","status":"publish","type":"product","link":"https:\/\/bolsasdepapel.com.pe\/tienda\/visera-2-publicitaria\/","title":{"rendered":"VISERA 2 PUBLICITARIA"},"content":{"rendered":"<p>Mant\u00e9n tus productos protegidos y tu marca visible con nuestra lonchera de Kodra con entretela t\u00e9rmica, ideal para conservar la temperatura de los alimentos. Con medidas aproximadas de 20x25x15 cm, ofrece un espacio pr\u00e1ctico y funcional. Su impresi\u00f3n en un color permite personalizarla con tu logo o dise\u00f1o de forma clara y profesional. Disponible en paquetes de 10 unidades, es perfecta para promociones, regalos corporativos o ventas. \u00a1Una opci\u00f3n resistente, \u00fatil y con el toque personalizado que tu marca necesita!<\/p>\n<hr \/>\n<hr \/>\n<h4>\ud83d\udce6 Precios por volumen<\/h4>\n<table>\n<thead>\n<tr>\n<th>Cantidad<\/th>\n<th>Precio unitario<\/th>\n<\/tr>\n<\/thead>\n<tbody>\n<tr>\n<td>50<\/td>\n<td>S\/14.95<\/td>\n<\/tr>\n<tr>\n<td>100<\/td>\n<td>S\/13.8<\/td>\n<\/tr>\n<tr>\n<td>250<\/td>\n<td>S\/13.8<\/td>\n<\/tr>\n<tr>\n<td>500<\/td>\n<td>S\/9.66<\/td>\n<\/tr>\n<tr>\n<td>1000<\/td>\n<td>S\/9.66<\/td>\n<\/tr>\n<tr>\n<td>3000<\/td>\n<td>S\/8.74<\/td>\n<\/tr>\n<tr>\n<td>5000<\/td>\n<td>S\/8.74<\/td>\n<\/tr>\n<\/tbody>\n<\/table>\n","protected":false},"excerpt":{"rendered":"<p>Mant\u00e9n tus productos protegidos y tu marca visible con nuestra lonchera de Kodra con entretela t\u00e9rmica, ideal para conservar la temperatura de los alimentos. Con medidas aproximadas de 20x25x15 cm, ofrece un espacio pr\u00e1ctico y funcional. Su impresi\u00f3n en un color permite personalizarla con tu logo o dise\u00f1o de forma clara y profesional. Disponible en paquetes de 10 unidades, es perfecta para promociones, regalos corporativos o ventas. \u00a1Una opci\u00f3n resistente, \u00fatil y con el toque personalizado que tu marca necesita!<\/p>\n","protected":false},"featured_media":1002,"comment_status":"closed","ping_status":"open","template":"","meta":[],"product_brand":[],"product_cat":[71],"product_tag":[],"class_list":{"0":"post-1001","1":"product","2":"type-product","3":"status-publish","4":"has-post-thumbnail","6":"product_cat-catalogo-2025","7":"sales-flash-overlay","8":"woocommerce-text-align-left","9":"woocommerce-image-align-center","10":"do-quantity-buttons","11":"wc-has-gallery","13":"first","14":"instock","15":"sale","16":"purchasable","17":"product-type-simple"},"jetpack_sharing_enabled":true,"_links":{"self":[{"href":"https:\/\/bolsasdepapel.com.pe\/tienda\/wp-json\/wp\/v2\/product\/1001","targetHints":{"allow":["GET"]}}],"collection":[{"href":"https:\/\/bolsasdepapel.com.pe\/tienda\/wp-json\/wp\/v2\/product"}],"about":[{"href":"https:\/\/bolsasdepapel.com.pe\/tienda\/wp-json\/wp\/v2\/types\/product"}],"replies":[{"embeddable":true,"href":"https:\/\/bolsasdepapel.com.pe\/tienda\/wp-json\/wp\/v2\/comments?post=1001"}],"wp:featuredmedia":[{"embeddable":true,"href":"https:\/\/bolsasdepapel.com.pe\/tienda\/wp-json\/wp\/v2\/media\/1002"}],"wp:attachment":[{"href":"https:\/\/bolsasdepapel.com.pe\/tienda\/wp-json\/wp\/v2\/media?parent=1001"}],"wp:term":[{"taxonomy":"product_brand","embeddable":true,"href":"https:\/\/bolsasdepapel.com.pe\/tienda\/wp-json\/wp\/v2\/product_brand?post=1001"},{"taxonomy":"product_cat","embeddable":true,"href":"https:\/\/bolsasdepapel.com.pe\/tienda\/wp-json\/wp\/v2\/product_cat?post=1001"},{"taxonomy":"product_tag","embeddable":true,"href":"https:\/\/bolsasdepapel.com.pe\/tienda\/wp-json\/wp\/v2\/product_tag?post=1001"}],"curies":[{"name":"wp","href":"https:\/\/api.w.org\/{rel}","templated":true}]}}